{"id":5,"date":"2019-08-07T08:57:29","date_gmt":"2019-08-07T08:57:29","guid":{"rendered":"https:\/\/afyzio.sk\/?page_id=5"},"modified":"2022-07-05T13:36:23","modified_gmt":"2022-07-05T13:36:23","slug":"5-2","status":"publish","type":"page","link":"https:\/\/afyzio.sk\/","title":{"rendered":"AFyzio &#8211; fyzioterapia"},"content":{"rendered":"\n<figure class=\"wp-block-image size-large\"><img loading=\"lazy\" width=\"716\" height=\"1024\" src=\"https:\/\/afyzio.sk\/wp-content\/uploads\/2022\/04\/letak-716x1024.jpg\" alt=\"letak\" class=\"wp-image-47\" srcset=\"https:\/\/afyzio.sk\/wp-content\/uploads\/2022\/04\/letak-716x1024.jpg 716w, https:\/\/afyzio.sk\/wp-content\/uploads\/2022\/04\/letak-210x300.jpg 210w, https:\/\/afyzio.sk\/wp-content\/uploads\/2022\/04\/letak-768x1098.jpg 768w, https:\/\/afyzio.sk\/wp-content\/uploads\/2022\/04\/letak-1074x1536.jpg 1074w, https:\/\/afyzio.sk\/wp-content\/uploads\/2022\/04\/letak-1432x2048.jpg 1432w, https:\/\/afyzio.sk\/wp-content\/uploads\/2022\/04\/letak.jpg 1734w\" sizes=\"(max-width: 716px) 100vw, 716px\" \/><\/figure>\n\n\n\n<p>Alena Hladk\u00e1 &#8211; J. Weisseho 15 &#8211; n\u00e1mestie ved\u013ea kn\u00edhkupectva, 2. posch<\/p>\n\n\n\n<p class=\"has-text-align-center\">  <a href=\"https:\/\/wa.me\/421904887579\">WhatsApp<\/a><\/p>\n\n\n\n<p class=\"has-text-align-center\"><strong>0904 887 579<\/strong><\/p>\n\n\n\n<p class=\"has-text-align-center has-huge-font-size\">V auguste je na\u0161a prev\u00e1dzka zatvoren\u00e1!<\/p>\n","protected":false},"excerpt":{"rendered":"<p>Alena Hladk\u00e1 &#8211; J. Weisseho 15 &#8211; n\u00e1mestie ved\u013ea kn\u00edhkupectva, 2. posch WhatsApp 0904 887 579 V auguste je na\u0161a prev\u00e1dzka zatvoren\u00e1!<\/p>\n","protected":false},"author":1,"featured_media":0,"parent":0,"menu_order":0,"comment_status":"closed","ping_status":"closed","template":"blank","meta":[],"_links":{"self":[{"href":"https:\/\/afyzio.sk\/index.php?rest_route=\/wp\/v2\/pages\/5"}],"collection":[{"href":"https:\/\/afyzio.sk\/index.php?rest_route=\/wp\/v2\/pages"}],"about":[{"href":"https:\/\/afyzio.sk\/index.php?rest_route=\/wp\/v2\/types\/page"}],"author":[{"embeddable":true,"href":"https:\/\/afyzio.sk\/index.php?rest_route=\/wp\/v2\/users\/1"}],"replies":[{"embeddable":true,"href":"https:\/\/afyzio.sk\/index.php?rest_route=%2Fwp%2Fv2%2Fcomments&post=5"}],"version-history":[{"count":14,"href":"https:\/\/afyzio.sk\/index.php?rest_route=\/wp\/v2\/pages\/5\/revisions"}],"predecessor-version":[{"id":60,"href":"https:\/\/afyzio.sk\/index.php?rest_route=\/wp\/v2\/pages\/5\/revisions\/60"}],"wp:attachment":[{"href":"https:\/\/afyzio.sk\/index.php?rest_route=%2Fwp%2Fv2%2Fmedia&parent=5"}],"curies":[{"name":"wp","href":"https:\/\/api.w.org\/{rel}","templated":true}]}}